valuate 2 + (-2 - (0 - -1)).
-1
Evaluate 2 + -3 + -3 + 6 + 1.
3
-11 + 1 + 56 + -49
-3
What is -5 - (-8 + 4 + 4) - -2?
-3
What is -1 - (-4 - -10 - 8)?
1
What is the value of (1 - -4) + (-5 - -3) + -2?
1
Calculate (-1 - 4) + 29 + -30.
-6
Evaluate -4 - 2 - (18 + -23).
-1
What is 13 - (22 + -26 + 11)?
6
What is the value of -1 + 4 - (9 + -2)?
-4
What is the value of 35 + -29 + (-7 - (3 - 1))?
-3
1 + 2 - (4 + (-5 - -3))
1
2 + (0 - 8) - (1 + -7)
0
Evaluate -2 + 3 + (-2 + -2 - 0).
-3
3 + (13 - 6) + -6
4
Calculate (2 - -1) + (-1 - (-2 - 1)).
5
Evaluate 9 - (4 + 0) - (6 - 2).
1
What is the value of (-13 - -10 - -9) + -4 + 1?
3
(-4 - 0) + (6 - 4)
-2
What is the value of (-1 - 0) + (5 + 1 - 6)?
-1
(1 - -1) + -6 + (-23 - -29)
2
What is the value of 4 + 6 + -2 + -7?
1
Evaluate -6 + 3 + -7 - -6.
-4
-7 + 6 + -6 + (2 - 2)
-7
What is -20 - -11 - (3 - 8)?
-4
Calculate -1 + 1 + (-3 - -3).
0
What is the value of (-4 - (-5 - -4)) + -2 + 2?
-3
What is (3 - 12) + (1 - -4)?
-4
(91 - 92) + 3 + -1
1
What is the value of 3 - (-7 - -18) - -6?
-2
What is -5 + -6 + -1 + 7?
-5
Evaluate 23 + -10 + -21 - -18.
10
Evaluate -7 - (-4 - (4 - (-4 - -4))).
1
Calculate 5 + -1 - (-7 + 13 - 9).
7
What is the value of 22 + -11 + -10 + -5?
-4
Evaluate 8 - -1 - (4 - 7 - -7).
5
What is the value of 14 + -2 - (-8 + 15)?
5
-1 + -2 + 3 + -5
-5
What is the value of -1 - ((-4 - -11) + -6)?
-2
(2 - (8 + -8)) + (0 - 0)
2
What is 2 - 4 - 4 - (11 - 17)?
0
Evaluate -2 + (25 - 19 - (11 - 1)).
-6
What is 4 - (3 + 2 + -2)?
1
What is (-6 - ((-4 - -6) + -4)) + 0?
-4
Calculate -17 - (-4 + -2 + 8 + -9).
-10
Evaluate 3 - (5 - 1) - -3.
2
What is -10 - -3 - 4 - (-2 - 0)?
-9
What is the value of 1 - 1 - (-2 - (15 - 14))?
3
Evaluate 33 + -29 + (-2 - -2) + 0.
4
What is the value of -3 - (0 - -2) - -2?
-3
-4 + -4 + (5 - 0) + 3
0
What is the value of 9 + 0 - 5 - (1 - 1)?
4
What is the value of -2 - (-3 - (-4 + 12))?
9
What is 5 + 5 + -3 - 6?
1
5 - ((-12 - -8 - -12) + -6)
3
What is 2 - (3 + -5 + 4 - 3)?
3
Evaluate (11 + -17 - (-5 - -1)) + -6.
-8
Calculate (-2 - 6 - -8) + 0 + -1.
-1
What is the value of 0 + -1 - (1 + -3)?
1
-2 + 2 + -4 + (2 - 2)
-4
What is the value of 53 + -47 - (-1 - 1)?
8
Evaluate 2 - 0 - ((1 - 4) + 0).
5
What is -5 + (15 - (3 + 2))?
5
What is the value of -2 + -2 + 5 - -1?
2
Evaluate -4 + -1 + 5 + 0.
0
What is (0 - 0) + -87 + 77?
-10
(7 + 6 - 3) + -3
7
(-1 + 0 - (15 + -11)) + 1
-4
(1 - 2) + 21 + -28
-8
Calculate -37 - -37 - (-1 + 7).
-6
-29 + 34 - (2 - -8)
-5
Evaluate 0 + 1 + (-8 - (1 - 4)).
-4
Calculate 0 - -4 - (2 - 3).
5
Evaluate -6 - (23 + -28 - (1 + -2)).
-2
Evaluate 0 + -2 + (-8 + 1 - -11).
2
What is the value of (-3 - -1) + -2 + 2 + -2?
-4
-5 + 2 - (13 - 21)
5
What is -1 + -1 - (3 + (2 - 2))?
-5
Calculate 5 - 0 - (18 + -14).
1
0 + (-3 - (-6 + 4))
-1
0 - 5 - (-6 - 1)
2
Evaluate -3 - (-4 - 3) - (3 + -2).
3
2 - ((2 - 4) + 4)
0
What is the value of -3 - ((2 + -8 - -5) + 1)?
-3
What is the value of -2 - -1 - (-7 + -2) - 3?
5
What is the value of -11 + 14 + -18 + 9?
-6
What is the value of -16 - -9 - (5 + -3 + -7)?
-2
What is 2 + 3 + (1 - (-5 + 6))?
5
Evaluate 2 + 2 + -4 + 1 - 4.
-3
Evaluate -4 + (-6 - -2) + 12.
4
-2 + 2 + (2 - 4)
-2
What is (-10 - -4) + (13 - (3 + 1))?
3
What is the value of -4 - (-3 - (0 - -2))?
1
Evaluate 12 - (-5 - (-15 + 1)).
3
4 - 1 - (-4 + 6)
1
Calculate 1 + 4 + 4 + -15 + 8.
2
Evaluate 1 + (3 - 3 - 0) + 4.
5
What is -7 - -5 - ((3 - 6) + 1)?
0
What is the value of -3 + (0 - -3) - -5?
5
What is -8 + 3 + (-4 - (3 - 16))?
4
3 - (0 + -1) - (10 + -6)
0
Evaluate -5 + (6 - 3) + -3.
-5
What is -2 + 1 + -1 - -1 - 4?
-5
What is 4 - -4 - (18 - 17)?
7
What is 2 + (1 - -2 - 2) + -1?
2
Evaluate 5 + (2 + -4 - -1).
4
1 + -8 + -1 + 2 + 1
-5
Evaluate 1 + 0 + 0 + 4 + -4.
1
What is -2 + -3 + 2 - -8?
5
2 + 0 - (-6 - -4) - 3
1
Evaluate 5 - (-1 - (-12 + 0)).
-6
What is 6 + (-2 - (-7 - -15))?
-4
What is the value of -4 - (1 + -6 + 3 + -6)?
4
0 - (-2 + (-2 - -1 - 1))
4
-1 + 1 - (-25 - -28)
-3
Calculate 2 - (5 + 0 - -3).
-6
What is 12 - 5 - (9 + 0)?
-2
Evaluate 0 - (3 - (-1 + (2 - 1))).
-3
What is the value of 11 + -9 + -3 + 2 + 1?
2
What is -2 + (3 + 7 - 4)?
4
Evaluate (7 + -2 + -8 - -3) + 6.
6
Calculate -5 + 1 + (-2 - -9 - 0).
3
What is the value of -8 - (-8 + 0 + 8)?
-8
Evaluate -1 + -2 + 1 + -1.
-3
What is -9 - (7 - 4) - -5?
-7
(5 - (-3 - (-3 + -6))) + 11
10
Evaluate (-5 - -1) + 0 - -7.
3
What is the value of 0 + -1 + (0 - -5) + -6?
-2
Evaluate 28 - 35 - (1 + (1 - 7)).
-2
Evaluate -13 - -11 - (0 - (5 + -3)).
0
Evaluate 6 + -9 + (-2 - -4 - 4).
-5
2 + (1 - 1) + (-17 - -18)
3
Calculate (3 - 5) + 5 + -5.
-2
What is the value of -3 + (-1 - -22 - 14)?
4
Calculate -13 - -4 - (-11 + -3).
5
What is -2 + (-6 - -9 - (0 + -4))?
5
What is 9 + -4 + (-8 - -1)?
-2
-1 + 1 - 3 - -4
1
What is the value of (-2 - (-3 + -3) - 0) + -2?
2
-1 + (-2 - -3) - 6
-6
Evaluate 4 + (-3 - 0) - (-1 - -6).
-4
What is the value of -4 + (0 - (-1 - (-4 - -3)))?
-4
What is the value of -4 - -3 - (-1 - -4)?
-4
What is -8 + 8 + 0 + -7?
-7
-2 + (1 - (1 + 2))
-4
What is the value of -5 - (-6 + -1) - (-1 + 3)?
0
Calculate 0 - 5 - (1 + -7 + 2).
-1
What is the value of -3 - (-1 + 6 - (-10 - -20))?
2
39 - 42 - (1 + -7)
3
What is 93 + -97 + 0 + 3?
-1
Calculate 2 + -3 + -2 + -2 - -2.
-3
Calculate (2 - (-1 - -1)) + 4 + -8.
-2
(0 - 1) + (4 - 8) + 0
-5
What is the value of 0 + (7 + 2 + -2 - 3)?
4
What is 13 - (3 - -2) - 9?
-1
11 + (3 - 7) + -5
2
What is -8 + (11 - -1) + 2 + -1?
5
What is 109 + -101 - (2 + 9)?
-3
What is the value of ((2 - 4) + -1 - -7) + -3?
1
Calculate 7 - (13 - (11 + -6)).
-1
3 - -2 - (5 + -5 + 5)
0
-6 + -4 + 7 + (-2 - -8)
3
Calculate -3 - 2 - -1 - 1.
-5
What is (-1 - -8 - 3) + 4 + -5?
3
0 + 7 + -6 + 3
4
0 - (-6 + -2) - 9
-1
Evaluate (-5 - (-4 - 2)) + -6 + -1.
-6
Calculate -2 - 1 - (7 + 0 - 0).
-10
Evaluate (-1 - -4) + (0 - (-7 - -5)).
5
Evaluate -2 + -2 + 1 + 1.
-2
Calculate 1 - (0 + 2 - (2 - 5)).
-4
Calculate -84 + 74 + 5 + -2.
-7
Calculate -6 - (-9 + -2 + 6 + -1).
0
What is the value of -2 + -2 + -2 + 4?
-2
What is 2 + (-1 + 3 + -4 - 1)?
-1
What is -5 + -9 + 13 + (-1 - 1)?
-3
What is (-7 - -6) + 0 + -4?
-5
What is the value of -9 - (-5 + -9 + -4)?
9
Calculate -6 + (1 - -1) + (3 - 0).
-1
Evaluate 1 + -5 - (-10 - -7 - -2).
-3
Evaluate 0 - 1 - (3 + 1 - 5).
0
8 - (-2 + 5 + (-2 - -3))
4
What is the value of 2 + 1 + 5 + -3 + -4?
1
Evaluate -44 - -49 - (-2 + 3).
4
(12 - 4 - 0) + -5
3
What is 7 - (-7 + 15 + 6)?
-7
Calculate 0 + -5 + 2 + -1.
-4
What is the value of 2 + 2 + 3 + -4 + -1?
2
What is the value of (-8 - -11) + 4 - 7?
0
What is the value of (-4 + -1 - -9) + (1 - 0)?
5
Calculate -1 - (0 + -3 + 4).
-2
What is the value of -4 + 2 + (-5 - -2)?
-5
What is the value of 14 + (-38 - -12) + 11?
-1
What is (4 + -1 - -2) + -3?
2
What is the value of 0 + (0 - -3) - (-1 + 4)?
0
Calculate 12 - (5 + (5 - 5)).
7
Calculate (26 - 18) + -1 + -5 + -7.
-5
Evaluate -2 + (-2 + 16 - (9 - 3)).
6
Evaluate 5 - (8 + 4 + -9) - 1.
1
-8 + 13 + -1 - (1 + -1)
4
What is the value of 51 + -62 - (3 + -7)?
-7
Calculate -1 + (-2 - 1) + 0 + 3.
-1
Evaluate 1 + (-5 - -5) + -11 - -5.
-5
Calculate (-5 + -1 - 4) + 5.
-5
Evaluate 7 + 0 - (-6 + 18).
-5
-6 - (-3 + 2 - (36 + -22))
9
What is 14 + (8 + -14 - 2)?
6
-6 - (-5 - ((-2 - -2) + 1))
0
Calculate -1 - (1 - (-2 + (-7 - -6))).
-5
What is the value of (7 + -5 - (2 + 0)) + 2?
2
What is -29 + 5 + 6 + 4 + 4?
-10
What is the value of (-5 - -4) + 12 + 16 + -20?
7
What is -142 - -140 - (-11 + 0 - -2)?
7
What is the value of -1 + (0 - (3 - 6)) + -4?
-2
What is the value of 6 + (-5 - (-8 - -5))?
4
What is the value of 0 + (-10 - (-2 + -1) - -3)?
-4
What is 4 - (5 - (5 + -1))?
3
What is the value of -11 + 14 - (1 - -2 - -1)?
-1
-11 - 3 - (-13 + -4)
3
Evaluate -4 + (-1 - 0 - -4) + 0.
-1
What is 3 + (-1 - 0) + 25 + -30?
-3
What is 16 + (2 - (21 - 7))?
4
Evaluate -3 + 11 + (2 - 8) + 5.
7
0 - -1 - (-5 + 6)
0
What is the value of (-6 - -1) + 0 - -8?
3
1 + (-3 - (-2 + 3 + -2))
-1
Evaluate 2 + (0 - 0 - 4) + 7.
5
What is -3 + 9 - (4 + 0)?
2
What is the value of 0 - 8 - (34 + -37)?
-5
Calculate (-97 - -88) + 1 + 13.
5
What is 1 + -2 + -4 + 5?
0
What is the value of (17 - 19 - 1) + (-1 - -6)?
2
Calculate 13 + 1 + -8 - 12.
-6
Evaluate -1 + (7 - (9 - -5)).
-8
Evaluate 10 + (7 + -4 - 9).
4
What is -6 + -3 + 6 - -5?
2
What is the value